)/(-6))/(5/(-20)). What is the tens digit of 378/(-315) - 2862/n?
8
Suppose 0 = 230*x - 223*x - 1610. Suppose 9*l - x = 8*l. What is the tens digit of l?
3
Suppose 123*d - 109*d = 126. Suppose -13*j - d*j = -8646. What is the tens digit of j?
9
Let a(o) = 30*o**2 + 77*o - 4. Let y be a(-4). Suppose -5*p + 3755 = 5*h, -p + h - y = -909. What is the tens digit of p?
4
Let h(a) = -2*a**3 + 3*a**2 - a - 10. Let n(y) = -y**3 - y - 1. Let d(m) = h(m) - 3*n(m). Let o be d(-5). Let w = -44 - o. What is the units digit of w?
3
Suppose 0 = 11*l - 6*l + 2*c - 37, 3*l - 17 = 4*c. Suppose 11*y = l*y + 1604. What is the hundreds digit of y?
4
Let t = 186 + -130. Let a = 100 - t. What is the units digit of 37*1 - a/(-11)?
1
Suppose 4*f + 752 = 4*d, 5*f + d + 944 = 2*d. Let n = f + 933. What is the units digit of n?
4
Let c(y) = -120*y**3 - 3*y**2 + 4*y + 3. Let d be c(-3). Suppose -36*g - d = -54*g. What is the tens digit of g?
7
Let w(f) = 2*f**3 + 30*f**2 - 7*f + 43. Suppose -5*r + 5*v - 100 = 0, 3 + 22 = -2*r - v. What is the units digit of w(r)?
8
Let y = 47 - 44. Let x(c) = -6*c**2 + 4. Let d(z) = -6*z**2 + 4. Let s(f) = 5*d(f) - 6*x(f). What is the tens digit of s(y)?
5
What is the tens digit of (-114)/(-209) - (-399144)/44?
7
Let f = -23 + 408. What is the units digit of (-3)/(-5)*f/7?
3
Let p be -6*((-2)/(-1) - (-18 + 17)). What is the hundreds digit of (-14818)/p - 6/27?
8
Let s = -173 + 179. What is the tens digit of (-61)/(((-18)/3)/s)?
6
Suppose -5*p = 2*d - 198271, -6369*p + 6368*p + 5*d + 39692 = 0. What is the tens digit of p?
5
Suppose 3*u - 2*j + 47 = 159, -u - 4*j = -28. Suppose 0 = v + 2*n + 4, -5*v + 0*n = -4*n - u. Suppose -v*k + 8 = -36. What is the units digit of k?
1
Let x(s) = s**3 + 36*s**2 - 80*s - 107. What is the thousands digit of x(-32)?
6
Let y(m) = 80 + m**2 - 125 + 70 + 14*m. Let b be y(-12). Let q(p) = 93*p - 1. What is the tens digit of q(b)?
9
Let u(k) = k**3 + 2*k**2 - 6*k + 6. Let g be u(3). Suppose -342 = -34*h + g*h. Suppose -4*l - 2*s + 348 = 0, -4*l = 2*s - 3*s - h. What is the units digit of l?
6
Let h = 8825 - 3471. What is the hundreds digit of h?
3
Let h = 437 - 328. Let u = h - -82. What is the hundreds digit of u?
1
Let w(m) = -12*m + 60. Let f be w(-12). Suppose -11 = n - f. Let t = 344 - n. What is the units digit of t?
1
Let x(m) = 3*m**3 + 18*m**2 - 11*m - 583. What is the tens digit of x(24)?
9
Suppose 4*d + 11068 = 4*r, 4*r + 5*d - 119 = 10913. What is the units digit of r?
3
Let k = -116 - -114. Let d be -3 - (k + 4) - -92. Suppose 3*a - 231 = -5*u, -5*u = -a + 2*a - d. What is the tens digit of a?
7
Let o(x) = 2251*x**2 + 15*x - 40. What is the tens digit of o(2)?
9
What is the ten thousands digit of ((-21)/12)/(-7) + (-341913)/(-12)?
2
Suppose 5*l - 41615 = 2*t, -3*l + 33292 = l + 5*t. What is the hundreds digit of l?
3
What is the units digit of (-5023)/(24/(-30) - (-1)/(-5))?
3
Suppose 30*k = 23*k + 36260. Suppose -64*w + 60*w + k = 0. What is the thousands digit of w?
1
Suppose -2*p = 27*f - 26*f + 289, -579 = 4*p + 3*f. Let a be (0 + 10/4)*84. Let d = a + p. What is the units digit of d?
6
Suppose 112*a = 252*a - 265440. What is the hundreds digit of a?
8
Let c(b) = 45*b - 2 - 3*b**3 + 15*b**2 + 12 + 2*b**3 + 7. Let k be c(17). Suppose 0 = -9*z + 381 + k. What is the units digit of z?
5
Suppose 0 = -4*v + 21 + 11. Suppose 3*l + 5 - v = 0. What is the units digit of -48*(l + (-5)/3)?
2
Let d = -303 + 3773. What is the units digit of d?
0
Suppose 25*a + 182 = 27*a. Let z be 1296/26 - (-14)/a. Suppose y - 29 = z. What is the tens digit of y?
7
Let s be 1894/(-18) - (-16)/72. Let i = 30 + s. What is the units digit of (-6)/10 + -27*10/i?
3
Suppose 5*f + f - 3*f = 0. Suppose 3*t - 5*p + 151 = f, 0*t + 17 = -t - 5*p. What is the hundreds digit of 12/t + 1059/(-21)*-3?
1
Let j = 3887 + -1616. What is the units digit of j?
1
Let j = 12125 - 5401. What is the hundreds digit of j?
7
Let p(b) = b**3 - 36*b**2 + 473*b + 38. What is the hundreds digit of p(21)?
3
Let i(l) = -2*l**2 + 562*l - 2943. What is the units digit of i(172)?
3
Let a(c) = 3*c**2 - 80*c - 59. Let n(b) = b**2 - 20*b - 15. Let v(o) = -2*a(o) + 9*n(o). What is the units digit of v(12)?
5
Let b be (-48)/(-32)*(-282)/(-1). Suppose -242*m + 241*m = -b. What is the tens digit of m?
2
Let c = 4475 + 481. What is the tens digit of c?
5
Let c(j) = j**3 - 8*j**2 + 14*j - 31. Let u be c(8). What is the hundreds digit of u/(-45) - -2 - 4268/(-10)?
4
Suppose 4678*t = 4637*t + 1517574. What is the hundreds digit of t?
0
Let l(p) = 3*p**3 - 22*p**2 + 10*p + 7. Let o be l(7). Suppose 4*f + 17256 = o*f. What is the tens digit of f?
1
Suppose 2*l - 2231 = l + 5*u, -4*l + u = -8943. What is the units digit of l/24 + (-1)/6?
3
Suppose 5*l = -2*k + 491, 7*k - 8*k + 2*l + 259 = 0. Let u = k + 1123. What is the tens digit of u?
7
Suppose 0 = j - 10*j + 387. Let d be (-3)/(-2 + -1)*j. Suppose o - 133 + d = 0. What is the units digit of o?
0
What is the units digit of (184459/(-123) + -37)/(22/24 + -1)?
0
Suppose -3*a - 2 = -5. Let q(o) = 2*o**2 - 315 + 62*o - 59*o + 313. What is the units digit of q(a)?
3
What is the tens digit of 45520/6 - 2/(-27)*-9?
8
Suppose n + n + 3*s - 7 = 0, -n - 1 = -3*s. Suppose -5*w + h + n + 1 = 0, -4*w + 6 = h. Let a(m) = 70*m - 3. What is the units digit of a(w)?
7
Suppose 5*h - 34*t = -35*t + 191968, -3*t + 153559 = 4*h. What is the thousands digit of h?
8
Let s(q) = -q**2 - q - 215. Let m(c) = c**2 - 4*c. Let y be m(4). Let z be s(y). Let h = z - -333. What is the hundreds digit of h?
1
Let j be (-5)/(-20) + 286/8. Let l = j + -34. Suppose 4*p + 75 = l*x + p, -x = -3*p - 36. What is the units digit of x?
9
Let q(p) = -p**2 - 14*p - 37. Let t be q(-7). Suppose -t*h - 2925 = -10425. What is the hundreds digit of h?
6
Let p(v) = 65*v**2 + 335*v - 5623. What is the hundreds digit of p(18)?
4
Suppose d - 31*a - 41777 = -27*a, -2*a = -2*d + 83500. What is the units digit of d?
1
Let x = -3581 + 15041. What is the hundreds digit of x?
4
Let z(v) = 24*v**2 - 4*v + 5. Let w be z(6). Suppose -2*l - 507 - w = 0. What is the units digit of 1/(l/(-336) + -2)?
4
Let g = 15000 - 8302. What is the tens digit of g?
9
Let o = 26 - 14. Suppose -17*t + 60 = -o*t. Suppose 14*f = t*f + 334. What is the tens digit of f?
6
Let v(b) = -2*b**2 + 29*b - 7. Suppose 32*z - 34*z = -24. Let h be v(z). Suppose h = -3*r + 587. What is the units digit of r?
8
Suppose -5*m = -i - 632 - 415, 4*m - 828 = 4*i. Let s = -78 + -41. Let f = m + s. What is the units digit of f?
1
Suppose c - 4*r + 179 = 0, 2*c - 5*c = -2*r + 577. Let d = c + 25. Let b = -114 - d. What is the units digit of b?
6
Let p(m) = 27*m**3 - 16*m**2 - 10*m - 6. What is the thousands digit of p(8)?
2
Let d(k) = 2*k**2 - 2*k - 8. Let n be d(-5). Let h = n + -53. What is the units digit of (131 + 0 + h)*(-4)/(-8)?
5
Suppose -3*f + 19430 = -37651. What is the thousands digit of f?
9
What is the tens digit of (-1)/4 - (-139765)/20?
8
Let a(h) = -499*h - 3448. What is the units digit of a(-21)?
1
Let w be ((-10)/(-25) - 8889/(-15)) + 3. Let z = 783 - w. What is the tens digit of z?
8
Let v be -5 + 812/(-2 - 2). Let u = v + 308. What is the units digit of u?
0
Let c(n) be the second derivative of n**3/6 - 2*n**2 - 15*n. Let b be c(8). Suppose -2*r - 8 + 0 = 0, 5*y + b*r = 239. What is the units digit of y?
1
Let y = -155 + 778. Suppose 2*f = 3*q + 1244, -3*q = -f - q + y. What is the tens digit of f?
1
Suppose -6*l = -2*l + 136. Suppose 46*z - 3978 = -1080. Let s = z + l. What is the tens digit of s?
2
Let c(b) = -40*b**3 + b + 1. Let y be c(-1). Suppose -19*v + 98 = -5*v. Suppose v*p = -p + y. What is the units digit of p?
5
Let w(c) = 114*c + 7888. What is the ten thousands digit of w(58)?
1
Let y(b) = -2*b**2 + 2*b + 3. Let q be y(7). Suppose -2*l = 5*x + 60, -17*l - 24 = -16*l + x. What is the tens digit of q/(-2)*l/(-30)?
2
Let q = 148 + -34. Let b = q + 185. What is the hundreds digit of b?
2
Let o(i) = -251*i**3 - 5*i**2 - 44*i - 137. What is the hundreds digit of o(-4)?
0
Let n(h) = -2*h**3 + 29*h**2 + 3*h. Suppose -36*u + 56 = -32*u. What is the units digit of n(u)?
8
Let y = -207 + 212. Suppose -2*n - y*x = 465 - 1538, -519 = -n + x. What is the hundreds digit of n?
5
Suppose 4*r - 834 = 2*r